{"id":6,"date":"2016-07-15T15:15:21","date_gmt":"2016-07-15T13:15:21","guid":{"rendered":"https:\/\/shangrila-wtc.ch\/?page_id=6"},"modified":"2024-09-27T14:40:20","modified_gmt":"2024-09-27T12:40:20","slug":"histoire","status":"publish","type":"page","link":"https:\/\/shangrila-wtc.ch\/index.php\/histoire\/","title":{"rendered":"Histoire"},"content":{"rendered":"<p>&nbsp;<\/p>\n<p>C\u2019est par un beau jour de 1995 que tout a commenc\u00e9\u2026 Julia et St\u00e9phane LAI d\u00e9cident ensemble d\u2019ouvrir leur premier Restaurant \u00e0 Bussigny : le \u00abShanghai Garden\u00bb. Julia est dipl\u00f4m\u00e9e de l\u2019Ecole H\u00f4teli\u00e8re HOSTA de Leysin depuis 1994. Elle a obtenu un \u00abOperation Diploma\u00bb et un \u00abManagement Diploma\u00bb.<\/p>\n<p>&nbsp;<\/p>\n<p>Magnifique \u00e9tablissement de 90 places int\u00e9rieures, dot\u00e9 d\u2019une terrasse de 40 places, il fera durant plus de vingt ans le bonheur d\u2019une client\u00e8le fid\u00e8le, appr\u00e9ciant tout particuli\u00e8rement le c\u00f4t\u00e9 sophistiqu\u00e9 et soign\u00e9 de la d\u00e9licieuse cuisine propos\u00e9e.<\/p>\n<p>&nbsp;<\/p>\n<p>C\u2019est donc tout naturellement que l\u2019ensemble des clients (pour la plupart devenus des amis) a d\u00e9cid\u00e9 de suivre le couple dans leur nouvelle aventure, lanc\u00e9e \u00e0 fin 2015 : l\u2019ouverture de leur nouvel \u00e9tablissement baptis\u00e9 \u00abShangri-La\u00bb.<\/p>\n","protected":false},"excerpt":{"rendered":"<p>&nbsp; C\u2019est par un beau jour de 1995 que tout a commenc\u00e9\u2026 Julia et St\u00e9phane LAI d\u00e9cident ensemble d\u2019ouvrir leur premier Restaurant \u00e0 Bussigny : le \u00abShanghai Garden\u00bb. Julia est dipl\u00f4m\u00e9e de l\u2019Ecole H\u00f4teli\u00e8re HOSTA de Leysin depuis 1994. Elle a obtenu un \u00abOperation Diploma\u00bb et un \u00abManagement Diploma\u00bb. &nbsp; Magnifique \u00e9tablissement de 90 places [&hellip;]<\/p>\n","protected":false},"author":1,"featured_media":32,"parent":0,"menu_order":0,"comment_status":"closed","ping_status":"closed","template":"template-page-2-col.php","meta":{"ngg_post_thumbnail":0,"footnotes":""},"class_list":["post-6","page","type-page","status-publish","has-post-thumbnail","hentry"],"_links":{"self":[{"href":"https:\/\/shangrila-wtc.ch\/index.php\/wp-json\/wp\/v2\/pages\/6","targetHints":{"allow":["GET"]}}],"collection":[{"href":"https:\/\/shangrila-wtc.ch\/index.php\/wp-json\/wp\/v2\/pages"}],"about":[{"href":"https:\/\/shangrila-wtc.ch\/index.php\/wp-json\/wp\/v2\/types\/page"}],"author":[{"embeddable":true,"href":"https:\/\/shangrila-wtc.ch\/index.php\/wp-json\/wp\/v2\/users\/1"}],"replies":[{"embeddable":true,"href":"https:\/\/shangrila-wtc.ch\/index.php\/wp-json\/wp\/v2\/comments?post=6"}],"version-history":[{"count":6,"href":"https:\/\/shangrila-wtc.ch\/index.php\/wp-json\/wp\/v2\/pages\/6\/revisions"}],"predecessor-version":[{"id":850,"href":"https:\/\/shangrila-wtc.ch\/index.php\/wp-json\/wp\/v2\/pages\/6\/revisions\/850"}],"wp:featuredmedia":[{"embeddable":true,"href":"https:\/\/shangrila-wtc.ch\/index.php\/wp-json\/wp\/v2\/media\/32"}],"wp:attachment":[{"href":"https:\/\/shangrila-wtc.ch\/index.php\/wp-json\/wp\/v2\/media?parent=6"}],"curies":[{"name":"wp","href":"https:\/\/api.w.org\/{rel}","templated":true}]}}